+ z*g - 120 = 0. Suppose 2 = -3*b + 11. What is the greatest common divisor of b and g?
3
Suppose -156 = -2*o - o. What is the highest common factor of o and 26?
26
Suppose 2*c - 30 = 8. Suppose 108 = -l - c. Let v = l - -181. What is the greatest common factor of 6 and v?
6
Let a(g) = g + 8. Let c(q) = q**2 + 7*q + 6. Let w be c(-7). Let t be a(w). Calculate the greatest common factor of 35 and t.
7
Let i = -17 + 18. What is the greatest common divisor of i and 4?
1
Suppose 2*v = 103 + 49. Suppose 24 - v = -2*y. Calculate the greatest common divisor of 39 and y.
13
Suppose -115 = 5*h - 825. Suppose 68 = i - 3*v + 5*v, 2*i = -v + h. Calculate the highest common factor of i and 8.
8
Suppose -4*a = -40 - 8. Let w(r) = 6*r**2 + r - 1. Let y be w(3). Suppose -3*d - 4*i = -y, -d - 4*d + i = -55. What is the highest common factor of a and d?
12
Suppose -2*r = 10 - 2. Let l(k) = -k**2 - 4*k + 5. Let n be l(r). Suppose n*u - 789 = -69. Calculate the highest common divisor of 18 and u.
18
Suppose -2*q + 3*q = 48. Suppose -2*u - 20 = -7*u. Suppose -u*j = -0*j - q. Calculate the greatest common factor of j and 60.
12
Suppose 4*v - 169 + 52 = -k, 4*k = -3*v + 78. Let o = 37 - 17. Calculate the highest common factor of o and v.
10
Suppose -3*m - y = -4*y - 90, -3*m + 93 = -2*y. What is the highest common factor of 22 and m?
11
Let m be 9/((-135)/10)*-12. What is the highest common divisor of 44 and m?
4
Let k be 57 + 3 + (1 - 1). Let x be 1/(-5) - (-42)/10. Suppose -p - x*p + 50 = 0. Calculate the greatest common factor of k and p.
10
Suppose 313 = 5*m - 67. Calculate the greatest common factor of m and 38.
38
Let z = -2 + 1. Let j be (-1 - 1) + (z - -102). What is the highest common factor of 11 and j?
11
Let d = 21 + -13. Suppose -5*l - 6 = -3*l. Let h be 30 - (l - (-2 - -1)). What is the highest common divisor of d and h?
8
Suppose -117 - 63 = -4*r + v, -160 = -4*r - 4*v. Suppose 0 = -p + d + r, -2*p + 2*d = 5*d - 93. Calculate the greatest common factor of p and 15.
15
Let z be 68 - -3*8/12. What is the highest common factor of 10 and z?
10
Let d(m) be the second derivative of 2*m + 1/3*m**3 + 0 + 3/2*m**2. Let t be d(6). Calculate the greatest common divisor of t and 165.
15
Let c be (-32)/6*-3 - 1. Let f(u) = -u**3 + 14*u**2 + 20*u - 12. Let s be f(c). Let z be (1/1)/(5/45). Calculate the greatest common factor of s and z.
9
Let m = 45 - 11. Suppose -2 = g - 2*k - 0, -m = -3*g - 4*k. Let w(r) = -r**2 + 17*r - 16. Let a be w(7). What is the greatest common divisor of a and g?
6
Let d be 3/(-2) + (-78)/(-12). Suppose -3*b + 3 = -57. What is the highest common factor of d and b?
5
Suppose x + 6 = 24. Suppose 5*t - 35 = -5. Calculate the greatest common divisor of x and t.
6
Let v(z) = -195*z**3 + 2*z**2 + z. Let g be v(-1). Suppose -3*m + 5*m = -g. Let h be (-2)/(-3) + m/(-6). Calculate the highest common factor of h and 68.
17
Let k = 2 + 1. Let r be (23 - 7) + -1*k. Calculate the highest common factor of 39 and r.
13
Let x be (3*1)/(24/32). Let k be 7 - (-2 + (1 - -2)). What is the greatest common divisor of k and x?
2
Suppose a + 5*r + 24 + 9 = 0, -2*r = -4*a - 242. Let f = -28 - a. What is the greatest common divisor of 210 and f?
30
Let y(a) = -9*a - 4. Let w be y(-6). Let b = 31 - 57. Let g = 46 + b. Calculate the greatest common factor of w and g.
10
Let w(i) = -6*i + 1. Let g be (-105)/14*4/(-6). Let y(o) = 5*o - 1. Let d(f) = g*y(f) + 4*w(f). Let r be d(9). What is the greatest common divisor of r and 40?
8
Let h = 7 - 3. Suppose 260 = 4*n + n - 5*t, 42 = n + h*t. Let u be 18 - (-5 + 2 - -1). Calculate the highest common factor of u and n.
10
Let b = -115 - 5. Let j = 183 + b. Let f be (2 - 1)*7*1. Calculate the greatest common factor of f and j.
7
Suppose 110 = -18*b + 23*b. Calculate the greatest common divisor of b and 44.
22
Suppose 5 = -2*v + 7*v. Let q(h) = 17*h**2 + 2*h - 1. Let m be q(v). Calculate the greatest common divisor of 27 and m.
9
Let c(q) = q**2 - 4*q + 3. Let r(f) = f**2 + f. Let n be r(-2). Suppose 2*z - n = 6. Let i be c(z). Calculate the highest common factor of i and 6.
3
Let u be (-5 + 2 + 1)*30/(-4). What is the highest common divisor of 5 and u?
5
Suppose 3*g = 2*p + 20, -p = -g + 4 + 3. Let h be -14 - -19 - (2 - -2). What is the highest common divisor of g and h?
1
Let i be (-56)/3 - 8/(-12). Let v = i - -30. What is the greatest common factor of v and 108?
12
Let a(b) = -b**3 - 3*b**2 - b. Let o be a(-2). Let h be 46/8 - o/8. Calculate the greatest common factor of 42 and h.
6
Let y be 0 + 37 - (-2)/(-2). Suppose 3*d - 4*g - 250 = 0, 2*d + 3*d - 470 = -4*g. What is the greatest common divisor of y and d?
18
Suppose -26 = -c + 86. What is the greatest common factor of 16 and c?
16
Let k(i) be the second derivative of i**3 - i**2 - 2*i. Let z be k(4). Suppose -25*r - 462 = -32*r. Calculate the greatest common divisor of z and r.
22
Suppose 90 = 5*q - 5*i, -4*i - 94 = 2*q - 7*q. Calculate the greatest common factor of 22 and q.
22
Let s(i) = -i**3 - 6*i**2 + 1. Suppose -3*k - 22 + 4 = 0. Let f be s(k). Suppose -5*b + f + 9 = 0. What is the greatest common divisor of 14 and b?
2
Let q be (15/10 - 4)*-14. Calculate the highest common factor of q and 14.
7
Suppose 3*d + 18 = 69. Let k(b) = b + 187. Let c be k(0). Calculate the highest common factor of d and c.
17
Suppose 3*j - 19 = 2*j. Let k(g) = -21*g - 12. Let i be k(-12). Suppose -2*m - 2*m + i = 3*c, -m - 73 = -c. What is the highest common divisor of c and j?
19
Let a be (1 - 7)*16/(-24). Suppose 0 = -v + 14 - 5. Suppose v - a = p. Calculate the highest common factor of 15 and p.
5
Let r be -9*(-1 + -2 + 6/3). Calculate the greatest common factor of 63 and r.
9
Let f = -1 - -6. Suppose -v - 3 + 4 = 0. Calculate the highest common factor of v and f.
1
Let c = 6 - 4. Suppose 4*w = -5*h + 898, h - 6*h + c*w = -886. Suppose -2*l + 2*y + 112 = 3*y, 3*l = -4*y + h. What is the highest common factor of 36 and l?
18
Let q be (1 + 1)/((-16)/(-56)). What is the highest common divisor of 1 and q?
1
Let h(p) = 148*p - 1. Let s be h(1). Let i(n) = n**3 + 23*n**2 - 26*n - 27. Let q be i(-24). What is the highest common divisor of q and s?
21
Suppose 10*m - 8*m - 12 = 0. Suppose -3*x + 38 = w - 4*x, -x + 46 = w. What is the highest common factor of m and w?
6
Let j(x) = -19*x - 3. Let w be j(-2). Let m = -15 + w. Let y be -5*(1 + -4 + 2). Calculate the greatest common factor of m and y.
5
Suppose -8 = -12*o + 10*o. Let y be (0/(-2)*1)/(-2). Suppose h - 2 = 2*c + 3*h, c + 3*h + 11 = y. Calculate the greatest common divisor of o and c.
4
Suppose 10 = 4*d - 58. Suppose 160 = 4*s - 4*n, -3*n - 3 = -4*n. Let v = s - d. Calculate the greatest common divisor of 39 and v.
13
Let d be (-24)/9*6/(-2). Suppose -2*s + 3*b - d*b + 16 = 0, -4*s + 5*b + 62 = 0. What is the highest common divisor of s and 117?
13
Let n(s) = -s**3 + 3*s + 3. Let j be n(-2). What is the greatest common factor of 45 and j?
5
Suppose 3*y - 155 = -26. Let c = y + 1. Suppose -l + 27 = w - 38, -3*w + 193 = 5*l. Calculate the greatest common factor of w and c.
22
Suppose -50 = -0*n - 5*n. Let t = 116 + -26. What is the greatest common factor of t and n?
10
Let s(u) = -u**2 + 9*u - 11. Let k = -9 - -15. Let p be s(k). What is the highest common divisor of 28 and p?
7
Let j = -7 - -1. Let a(u) = -u**3 - 5*u**2 + 5*u + 2. Let p be a(j). Suppose -5*c + f = -2*c - p, 0 = -4*f - 20. Calculate the highest common factor of 1 and c.
1
Let m(n) = 15*n + 2. Let d be m(5). Calculate the highest common divisor of 11 and d.
11
Suppose 57 = 4*n - 3*m, -6*n + 10*n + m = 77. Calculate the highest common divisor of n and 144.
18
Let c be 1*4/2 + 73. What is the greatest common factor of c and 30?
15
Suppose -530 = -4*m - 150. Let w be (-19)/(-2)*(-9 + 7 - -4). What is the greatest common factor of m and w?
19
Suppose -9*z = -289 - 8. Calculate the greatest common divisor of z and 99.
33
Let l be 3/1 - (-14 - -3). Suppose -3*g - 4*a = 6 - 23, -2*g - 4*a = -l. What is the highest common factor of g and 12?
3
Suppose 0 = t - 4*o - 13, -t - 5*o = -2*t + 12. Let w = -4 + t. Calculate the highest common divisor of 143 and w.
13
Suppose 0 = 5*y - 32 - 328. Suppose -3*a - 100 = -x, 2*x - 6*x = -a - 356. Let f be (-6)/(-15) - x/(-5). Calculat